it of 6877?
8
What is the thousands digit of 3494?
3
What is the units digit of 3322?
2
What is the units digit of 2104?
4
What is the thousands digit of 6852?
6
What is the ten thousands digit of 12463?
1
What is the thousands digit of 23695?
3
What is the tens digit of 7258?
5
What is the thousands digit of 1514?
1
What is the hundreds digit of 87380?
3
What is the tens digit of 383?
8
What is the thousands digit of 2287?
2
What is the hundreds digit of 3082?
0
What is the ten thousands digit of 136369?
3
What is the tens digit of 3237?
3
What is the thousands digit of 4854?
4
What is the units digit of 18220?
0
What is the hundreds digit of 1626?
6
What is the thousands digit of 1595?
1
What is the tens digit of 1753?
5
What is the tens digit of 953?
5
What is the units digit of 22897?
7
What is the units digit of 811?
1
What is the units digit of 136?
6
What is the ten thousands digit of 12502?
1
What is the units digit of 306?
6
What is the hundreds digit of 70031?
0
What is the units digit of 5317?
7
What is the units digit of 184?
4
What is the thousands digit of 1076?
1
What is the thousands digit of 33400?
3
What is the hundred thousands digit of 162497?
1
What is the tens digit of 1122?
2
What is the thousands digit of 1218?
1
What is the thousands digit of 24594?
4
What is the hundreds digit of 1268?
2
What is the units digit of 54062?
2
What is the units digit of 3305?
5
What is the units digit of 689?
9
What is the units digit of 6018?
8
What is the thousands digit of 6303?
6
What is the thousands digit of 1320?
1
What is the units digit of 2519?
9
What is the tens digit of 872?
7
What is the tens digit of 37821?
2
What is the hundreds digit of 795?
7
What is the units digit of 60590?
0
What is the tens digit of 9099?
9
What is the tens digit of 4185?
8
What is the hundreds digit of 525?
5
What is the hundreds digit of 3279?
2
What is the tens digit of 17491?
9
What is the units digit of 10152?
2
What is the tens digit of 1894?
9
What is the units digit of 3565?
5
What is the tens digit of 66877?
7
What is the units digit of 6510?
0
What is the hundreds digit of 19427?
4
What is the units digit of 3244?
4
What is the tens digit of 26292?
9
What is the units digit of 1224?
4
What is the thousands digit of 2203?
2
What is the thousands digit of 22213?
2
What is the hundreds digit of 28367?
3
What is the thousands digit of 3837?
3
What is the units digit of 541?
1
What is the ten thousands digit of 62770?
6
What is the hundreds digit of 5964?
9
What is the tens digit of 1247?
4
What is the hundreds digit of 988?
9
What is the hundreds digit of 1582?
5
What is the hundreds digit of 14386?
3
What is the tens digit of 13852?
5
What is the hundreds digit of 1301?
3
What is the thousands digit of 3847?
3
What is the hundreds digit of 575?
5
What is the units digit of 16084?
4
What is the hundreds digit of 5749?
7
What is the tens digit of 42591?
9
What is the tens digit of 14209?
0
What is the hundreds digit of 8099?
0
What is the tens digit of 161787?
8
What is the hundreds digit of 3863?
8
What is the hundreds digit of 31031?
0
What is the tens digit of 65708?
0
What is the thousands digit of 1258?
1
What is the hundred thousands digit of 107213?
1
What is the tens digit of 2917?
1
What is the ten thousands digit of 13850?
1
What is the ten thousands digit of 12156?
1
What is the tens digit of 808?
0
What is the tens digit of 3454?
5
What is the units digit of 7881?
1
What is the units digit of 3375?
5
What is the tens digit of 53996?
9
What is the hundreds digit of 8614?
6
What is the tens digit of 34672?
7
What is the thousands digit of 1372?
1
What is the units digit of 2132?
2
What is the hundreds digit of 1260?
2
What is the hundreds digit of 2622?
6
What is the tens digit of 2301?
0
What is the units digit of 229?
9
What is the units digit of 26890?
0
What is the units digit of 1499?
9
What is the units digit of 3665?
5
What is the units digit of 133?
3
What is the thousands digit of 29948?
9
What is the tens digit of 427?
2
What is the hundreds digit of 5604?
6
What is the thousands digit of 29374?
9
What is the hundreds digit of 8217?
2
What is the tens digit of 16762?
6
What is the units digit of 50478?
8
What is the hundreds digit of 53542?
5
What is the tens digit of 13806?
0
What is the tens digit of 2173?
7
What is the tens digit of 22286?
8
What is the hundreds digit of 79878?
8
What is the tens digit of 746?
4
What is the thousands digit of 8226?
8
What is the ten thousands digit of 95581?
9
What is the units digit of 11652?
2
What is the tens digit of 19315?
1
What is the units digit of 410?
0
What is the tens digit of 12906?
0
What is the thousands digit of 2851?
2
What is the units digit of 6372?
2
What is the thousands digit of 41831?
1
What is the hundreds digit of 21832?
8
What is the tens digit of 976?
7
What is the thousands digit of 13976?
3
What is the tens digit of 609?
0
What is the thousands digit of 6448?
6
What is the hundreds digit of 61642?
6
What is the units digit of 5731?
1
What is the units digit of 1560?
0
What is the thousands digit of 7823?
7
What is the tens digit of 9379?
7
What is the hundreds digit of 2867?
8
What is the tens digit of 98?
9
What is the units digit of 1262?
2
What is the tens digit of 789?
8
What is the hundreds digit of 1424?
4
What is the thousands digit of 83752?
3
What is the hundreds digit of 28380?
3
What is the tens digit of 172?
7
What is the units digit of 2123?
3
What is the tens digit of 27928?
2
What is the tens digit of 428?
2
What is the thousands digit of 23332?
3
What is the ten thousands digit of 14587?
1
What is the ten thousands digit of 41712?
4
What is the tens digit of 351?
5
What is the units digit of 4625?
5
What is the hundreds digit of 66419?
4
What is the ten thousands digit of 42043?
4
What is the tens digit of 1936?
3
What is the tens digit of 2691?
9
What is the tens digit of 12315?
1
What is the thousands digit of 7011?
7
What is the hundreds digit of 6335?
3
What is the units digit of 23?
3
What is the thousands digit of 3406?
3
What is the units digit of 12252?
2
What is the ten thousands digit of 53245?
5
What is the tens digit of 10502?
0
What is the hundreds digit of 52227?
2
What is the units digit of 2343?
3
What is the hundreds digit of 1918?
9
What is the units digit of 18534?
4
What is the ten thousands digit of 125239?
2
What is the tens digit of 110318?
1
What is the units digit of 727?
7
What is the units digit of 1126?
6
What is the units digit of 37980?
0
What is the hundreds digit of 10407?
4
What is the units digit of 311?
1
What is the ten thousands digit of 20901?
2
What is the hundreds digit of 37824?
8
What is the tens digit of 873?
7
What is the thousands digit of 64593?
4
What is the thousands digit of 1387?
1
What is the hundreds digit of 562?
5
What is the units digit of 1577?
7
What is the tens digit of 8762?
6
What is the tens digit of 330?
3
What is the thousands digit of 6940?
6
What is the hundreds digit of 7958?
9
What is the hundreds digit of 6676?
6
What is the tens digit of 7855?
5
What is the tens digit of 11788?
8
What is the ten thousands digit of 59563?
5
What is the hundreds digit of 6817?
8
What is the thousands digit of 11752?
1
What is the hundreds digit of 3278?
2
What is the tens digit of 8693?
9
What is the hundreds digit of 17553?
5
What is the hundreds digit of 667?
6
What is the units digit of 1489?
9
What is the tens digit of 37?
3
What is the units digit of 9328?
8
What is the thousands digit of 1267?
1
What is the hundreds digit of 1362?
3
What is the ten thousands digit of 111390?
1
What is the hundreds digit of 465?
4
What is the tens digit of 2310?
1
What is the hundreds digit of 449?
4
What is the thousands digit of 29285?
9
What is the units digit of 2052?
2
What is the units digit of 59?
9
What is the hundreds digit of 4274?
2
What is the hundreds digit of 6442?
4
What is the tens digit of 1717?
1
What is the thousands digit of 4559?
4
What is the hundreds digit of 15772?
7
What is the thousands digit of 15115?
5
What is the units digit of 14246?
6
What is the tens digit of 66?
6
What is the thousands digit of 1179?
1
What is the tens digit of 4178?
7
What is the units digit of 13551?
1
